{"id":159,"date":"2019-05-24T13:52:49","date_gmt":"2019-05-24T13:52:49","guid":{"rendered":"http:\/\/aquimap.myscispot.eu\/?page_id=159"},"modified":"2019-06-04T09:50:22","modified_gmt":"2019-06-04T09:50:22","slug":"a5-integracao-dos-resultados-em-ambiente-webgis","status":"publish","type":"page","link":"http:\/\/aquimap.myscispot.eu\/?page_id=159&lang=pt","title":{"rendered":"A5: Integra\u00e7\u00e3o dos resultados em ambiente WebGis"},"content":{"rendered":"\n<p><strong>In\u00edcio:<\/strong>&nbsp;01\/02\/2019<br><strong>Conclus\u00e3o: <\/strong>31\/01\/2020<\/p>\n\n\n\n<p><strong>Respons\u00e1veis pela atividade:&nbsp;<\/strong>Jo\u00e3o Miguel Dias&nbsp;<br>Adelaide Almeida&nbsp;<br>Nuno Vaz<\/p>\n\n\n\n<p><strong>Objetivo<\/strong>: <\/p>\n\n\n\n<p>Cria\u00e7\u00e3o de mapas tem\u00e1ticos de alta resolu\u00e7\u00e3o de todas as vari\u00e1veis hidrodin\u00e2micas e de qualidade da \u00e1gua<\/p>\n\n\n\n<p><strong>Tarefas:<\/strong><\/p>\n\n\n\n<ol><li>Cria\u00e7\u00e3o de produtos finais \u2013 Vari\u00e1veis<\/li><li>Cria\u00e7\u00e3o de produtos finais \u2013 \u00cdndice de Explora\u00e7\u00e3o<\/li><\/ol>\n\n\n\n<p><\/p>\n","protected":false},"excerpt":{"rendered":"<p>In\u00edcio:&nbsp;01\/02\/2019Conclus\u00e3o: 31\/01\/2020 Respons\u00e1veis pela atividade:&nbsp;Jo\u00e3o Miguel Dias&nbsp;Adelaide Almeida&nbsp;Nuno Vaz Objetivo: Cria\u00e7\u00e3o de mapas tem\u00e1ticos de alta resolu\u00e7\u00e3o de todas as vari\u00e1veis hidrodin\u00e2micas e de qualidade da \u00e1gua Tarefas: Cria\u00e7\u00e3o de produtos finais \u2013 Vari\u00e1veis Cria\u00e7\u00e3o de produtos finais \u2013 \u00cdndice de Explora\u00e7\u00e3o<\/p>\n","protected":false},"author":4,"featured_media":0,"parent":0,"menu_order":0,"comment_status":"closed","ping_status":"closed","template":"","meta":[],"_links":{"self":[{"href":"http:\/\/aquimap.myscispot.eu\/index.php?rest_route=\/wp\/v2\/pages\/159"}],"collection":[{"href":"http:\/\/aquimap.myscispot.eu\/index.php?rest_route=\/wp\/v2\/pages"}],"about":[{"href":"http:\/\/aquimap.myscispot.eu\/index.php?rest_route=\/wp\/v2\/types\/page"}],"author":[{"embeddable":true,"href":"http:\/\/aquimap.myscispot.eu\/index.php?rest_route=\/wp\/v2\/users\/4"}],"replies":[{"embeddable":true,"href":"http:\/\/aquimap.myscispot.eu\/index.php?rest_route=%2Fwp%2Fv2%2Fcomments&post=159"}],"version-history":[{"count":6,"href":"http:\/\/aquimap.myscispot.eu\/index.php?rest_route=\/wp\/v2\/pages\/159\/revisions"}],"predecessor-version":[{"id":466,"href":"http:\/\/aquimap.myscispot.eu\/index.php?rest_route=\/wp\/v2\/pages\/159\/revisions\/466"}],"wp:attachment":[{"href":"http:\/\/aquimap.myscispot.eu\/index.php?rest_route=%2Fwp%2Fv2%2Fmedia&parent=159"}],"curies":[{"name":"wp","href":"https:\/\/api.w.org\/{rel}","templated":true}]}}