{"id":83,"date":"2019-05-24T12:24:10","date_gmt":"2019-05-24T12:24:10","guid":{"rendered":"http:\/\/aquimap.myscispot.eu\/?page_id=83"},"modified":"2020-07-20T14:02:01","modified_gmt":"2020-07-20T14:02:01","slug":"publicacoes","status":"publish","type":"page","link":"http:\/\/aquimap.myscispot.eu\/?page_id=83&lang=pt","title":{"rendered":"Publica\u00e7\u00f5es"},"content":{"rendered":"\n<p><strong>Artigos em revistas internacionais: <\/strong><\/p>\n\n\n\n<p>Sousa, M.C.; Ribeiro, A.S.; Des, M.; Mendes, R.; Alvarez, I.; Gomez-Gesteira, M., and Dias, J.M., 2018. Integrated highresolution&nbsp;numerical model for the NW Iberian Peninsula coast and main estuarine systems.&nbsp;<em>Journal of Coastal Research<\/em>, Special Issue No. 85, pp. 66-70.<\/p>\n\n\n\n<p>Costa, S.; Picado, A.; Vaz, N.; Coelho, C.; Portela, L., and Dias, J.M., 2018. Climate change effects on suspended sediment dynamics in a coastal lagoon: Ria de Aveiro (Portugal). <em>Journal of Coastal Research<\/em>, Special Issue No. 85, pp. 521 &#8211; 525. <\/p>\n\n\n\n<p>Lopes, C.L., Mendes, R., Ca\u00e7ador, I., Dias, J.M. (2019). Evaluation of long-term estuarine vegetation changes through Landsat Imagery<em>. Science of the Total Environment<\/em>, 653, pp. 512-52.<\/p>\n\n\n\n<p>Oliveira, V.H., Sousa, M.C., Morgado, F. and Dias, J.M., 2019. Modeling the Impact of Extreme River Discharge on the Nutrient Dynamics and Dissolved Oxygen in Two Adjacent Estuaries (Portugal). Journal of Marine and Science Engineering 7, 412.<\/p>\n\n\n\n<p>Ruela, R., Sousa, M.C., deCastro M., Dias, J.M., 2020. Global and regional evolution of sea surface temperature under climate change. <em>Global and Planetary Change<\/em> 190, 1031190.<\/p>\n\n\n\n<p>Pinheiro, J.P., Lopes, C.L., Ribeiro, A.S., Sousa, M.C., Dias, J.M., 2020. Tide-surge interaction in Ria de Aveiro lagoon and its influence in local inundation patterns. Continental Shelf Research 200, 104132.<\/p>\n\n\n\n<p>Picado, A., Oliveira, V., Pereira, H., Sousa, M.C., Costa, L., Almeida, A. and Dias, J.M., 2020. Assessing the Potential of Minho and Lima Estuaries for Aquaculture, Journal of Coastal Research 95, 148-152.<\/p>\n\n\n\n<p>Picado, A., Mendes, J., Ruela, R., Pinheiro, P. and Dias, J.M., 2020. Physico-Chemical Characterization of Two Portuguese Coastal Systems: Ria de Alvor and Mira Estuary, Journal of Marine Science and Engineering 8, 537.<\/p>\n\n\n\n<p><strong>Comunica\u00e7\u00f5es orais em confer\u00eancias:<\/strong><\/p>\n\n\n\n<p>Pinheiro, J.; Lopes, C. L. and Dias, J. M. (2018). <em>Statistical analysis of nontidal residuals in Ria de Aveiro lagoon. <\/em>X Simp\u00f3sio da Margem Ib\u00e9rica&nbsp; Atl\u00e2ntica, Coimbra, 4-7 de setembro de 2018. <\/p>\n\n\n\n<p>Picado, A.; Pinheiro, J.; Ribeiro, A.S.; Azevedo, A.; Costa, L.; Almeida, A.; Dias, J.M. (2019). Avalia\u00e7\u00e3o do Potencial da Ria de Aveiro para Aquacultura de Bivalves: Estudo Preliminar. 11.\u00ba Simp\u00f3sio de Meteorologia e Geof\u00edsica da APMG, Cascais, 25-27 de mar\u00e7o de 2019.<\/p>\n\n\n\n<p>Picado, A., Pinheiro, J., Ribeiro, A.S., Azevedo, a., Oliveira, V., Pereira, H., Sousa, M.C., Costa, L., Almeida, A., Dias, J.M.. AQUIMAP &#8211; Identifica\u00e7\u00e3o do Potencial Aqu\u00edcola na Ria de Aveiro, Estu\u00e1rios do Minho e Lima. XVI Semin\u00e1rio de Aquacultura, \u00cdlhavo, 10 de maio de 2019. <\/p>\n\n\n\n<p><strong>Tese de Doutoramento (conclu\u00edda): <\/strong><\/p>\n\n\n\n<p> Ana Azevedo, \u201cIntertidal seagrass modelling in a mesotidal coastal lagoon\u201d. Doutoramento em Biologia Marinha <\/p>\n\n\n\n<p>Leandro Vaz, \u201cSustainable aquaculture development in estuarine systems \u201d. Doutoramento em Ci\u00eancia, Gest\u00e3o e Tecnologia do Mar<\/p>\n\n\n\n<p><strong>Teses de Doutoramento (em curso):<\/strong><\/p>\n\n\n\n<p>Humberto Pereira, \u201cClimate change impact on estuarine aquaculture activity along the Portuguese coast\u201d. Doutoramento em Ci\u00eancia, Gest\u00e3o e Tecnologia do Mar<\/p>\n\n\n\n<p><strong>Tese de Mestrado (conclu\u00edda): <\/strong><\/p>\n\n\n\n<p>V\u00edtor Oliveira, \u201cModela\u00e7\u00e3o acoplada dos estu\u00e1rios do Minho e do Lima: Estudo dos nutrientes e oxig\u00e9nio dissolvido\u201d. Mestrado em Ci\u00eancias do Mar e da Atmosfera<\/p>\n","protected":false},"excerpt":{"rendered":"<p>Artigos em revistas internacionais: Sousa, M.C.; Ribeiro, A.S.; Des, M.; Mendes, R.; Alvarez, I.; Gomez-Gesteira, M., and Dias, J.M., 2018. Integrated highresolution&nbsp;numerical model for the NW Iberian Peninsula coast and main estuarine systems.&nbsp;Journal of Coastal Research, Special Issue No. 85, pp. 66-70. Costa, S.; Picado, A.; Vaz, N.; Coelho, C.; Portela, L., and Dias, J.M., &hellip; <\/p>\n<p class=\"link-more\"><a href=\"http:\/\/aquimap.myscispot.eu\/?page_id=83&#038;lang=pt\" class=\"more-link\">Continuar a ler <span class=\"screen-reader-text\">&#8220;Publica\u00e7\u00f5es&#8221;<\/span><\/a><\/p>\n","protected":false},"author":2,"featured_media":0,"parent":0,"menu_order":0,"comment_status":"closed","ping_status":"closed","template":"","meta":[],"_links":{"self":[{"href":"http:\/\/aquimap.myscispot.eu\/index.php?rest_route=\/wp\/v2\/pages\/83"}],"collection":[{"href":"http:\/\/aquimap.myscispot.eu\/index.php?rest_route=\/wp\/v2\/pages"}],"about":[{"href":"http:\/\/aquimap.myscispot.eu\/index.php?rest_route=\/wp\/v2\/types\/page"}],"author":[{"embeddable":true,"href":"http:\/\/aquimap.myscispot.eu\/index.php?rest_route=\/wp\/v2\/users\/2"}],"replies":[{"embeddable":true,"href":"http:\/\/aquimap.myscispot.eu\/index.php?rest_route=%2Fwp%2Fv2%2Fcomments&post=83"}],"version-history":[{"count":12,"href":"http:\/\/aquimap.myscispot.eu\/index.php?rest_route=\/wp\/v2\/pages\/83\/revisions"}],"predecessor-version":[{"id":5285,"href":"http:\/\/aquimap.myscispot.eu\/index.php?rest_route=\/wp\/v2\/pages\/83\/revisions\/5285"}],"wp:attachment":[{"href":"http:\/\/aquimap.myscispot.eu\/index.php?rest_route=%2Fwp%2Fv2%2Fmedia&parent=83"}],"curies":[{"name":"wp","href":"https:\/\/api.w.org\/{rel}","templated":true}]}}